
-3
What is -3 + 26 + (-39 - -30)?
14
Calculate 1 - (7 + -1) - (-3 - 1) - -8.
7
What is the value of (-2 - -4 - 1) + -7 - (127 + -135)?
2
What is the value of (13 + -17 - (6 + -3 + 1)) + 20?
12
What is -20 - (-1 - (-4 + 7 + 0)) - -7?
-9
What is the value of -10 + (-5 + 7 - -1) + (-2 - -5)?
-4
Evaluate 11 + -2 + 80 + -70.
19
Evaluate 5 + -1 + (31 + -24 - (4 - 6)).
13
What is the value of -1 + -3 + (-4 - -5) + -11 - -3?
-11
What is -15 + 14 + -1 - 6?
-8
Evaluate -1 + 19 + -38 + (48 - 8).
20
What is 5 - (-7 - -24 - -7)?
-19
What is -16 - (12 + 18 - 39)?
-7
What is (4 - (-6 + 8)) + -1 + (-2 - 11)?
-12
Evaluate -2 + (14 + 2 - (-2 - (0 + -5))).
11
Evaluate 6 - (16 - (-7 + (-8 - -19))).
-6
Calculate -29 + (-14 - 0 - -40).
-3
What is the value of 21 + -45 + 23 - (10 + 3 + -3)?
-11
(3 + 13 + -2 - -1) + -34
-19
Evaluate (8 - 13 - -7) + -2 + -1 - -29.
28
(-19 - (-2 - 2)) + (105 - 101)
-11
What is the value of -21 + 21 + 27 + -29?
-2
What is -6 + 20 + 0 + -4 + (1 - -8)?
19
What is 19 + -19 + -26 + 16?
-10
What is 19 - ((-236 - -243) + (-7 - (-4 + 1)))?
16
What is -14 + (-24 - -52) + -3 + 0?
11
What is 97 + -99 + (-1 - 0) + 5?
2
24 - ((7 + -14 - -4) + 2)
25
What is -12 + (1 - (8 - 21) - -5)?
7
Evaluate -8 + 0 - (-1 - (13 + -22)).
-16
What is the value of -14 + (-48 + 27 - -62)?
27
Evaluate 7 + 0 + -16 + 0 + -14 + 7.
-16
6 + (-17 - -7) + 5 + -11 + 2
-8
-9 + 0 - (-28 - -46)
-27
Calculate -3 + -12 + 3 + 14 + 7 + 4.
13
What is the value of 4 + (17 - (10 - (4 - 0))) + -5?
10
40 + 1 - 32 - -18
27
Calculate (91 - 26 - 31) + -24.
10
Calculate -4 + -2 + 0 - (-20 - -8).
6
What is the value of 17 - (30 + (-16 - -6)) - 13?
-16
What is the value of -14 + (14 + -2 - (-38 - -39))?
-3
Calculate -14 - (-5 - (-2 - (-1 + 3 + -2))).
-11
Calculate (-3 - -3) + 17 + -9 + 4 + -18.
-6
Calculate -6 + 0 + 8 + -14.
-12
What is 2 + 14 + -19 + 1?
-2
Calculate 31 - ((-54 - -38) + 35).
12
What is the value of -5 - ((-10 - -7) + -5 - -19 - 6)?
-10
What is 5 - (2 + -8 + 0 + -4)?
15
What is 6 + (-9 - (-1 - (17 - 10)))?
5
Calculate -9 + (3 - 3) + 10 - 0.
1
Calculate 48 + -51 - (-1 + 1 + 2 - 0).
-5
0 + 6 + -1 - 8 - (-3 + -3)
3
37 - (3 + (31 - 15 - 9))
27
What is -3 + 1 + -1 - (227 + -239)?
9
Evaluate (-9 - -2) + (-13 + 34 - 14).
0
Calculate (38 + -59 - -35) + 1 + -4.
11
Calculate (-47 - -38) + (-3 - 2) - -9.
-5
Evaluate (-33 - -3 - (-7 + -2)) + 20.
-1
What is 196 + -201 - (-7 + 0)?
2
-14 - (-1 - -12 - 16 - (-2 + 4))
-7
91 + -95 - (-16 + -1)
13
What is -8 + (38 - 20) + -9?
1
14 + -21 + 4 + 3
0
Calculate 4 + -3 + (21 + -13 - (-11 + 3)).
17
Calculate -6 + 2 + -15 + (-3 + 14 - 5).
-13
Evaluate 432 + -404 - (-2 + 12).
18
What is the value of 5 - (16 - 3 - (-8 - (-10 - 3)))?
-3
-2 + 23 + -1 + 88 + -93
15
What is 15 + -1 + (79 - 92) - (2 + 7)?
-8
Calculate (-13 - (1 + -8)) + 24 + -3.
15
Evaluate -11 + 1 + 40 + 7 + (-13 - -10).
34
What is -188 - -182 - (1 + -26 + 4)?
15
What is (-4 + 16 + -3 - -5) + -7?
7
Calculate (-7 - (5 - 12)) + (1 - 4) + -6.
-9
(1 + -6 - (7 - (-5 - 7))) + 3
-21
Calculate -14 + 3 - (2 + -9 + (4 - 0)).
-8
Evaluate 3 - (17 + -41 - -9).
18
Evaluate (7 - 2) + 15 + 2 + -65 + 64.
21
What is 15 + 8 + -8 + (15 - 0)?
30
What is the value of -56 - -20 - (-1 - 24)?
-11
21 + (-5 - (9 + -4)) + 3 + 2
16
What is the value of 13 - (9 + -2 + -14 - (-7 - 1))?
12
Calculate 18 + -7 - (-13 - (10 + -17)).
17
Evaluate -1576 - -1581 - (3 + -2 + 0 + 3).
1
Evaluate (-82 + 67 - 25) + 1 + 1.
-38
What is the value of -50 + 54 + 1 + 2?
7
Calculate -2 - 0 - (22 + (-15 - 9)).
0
-15 - (7 + -11 + 4) - -6
-9
Evaluate -3 - 4 - -1 - (18 - 30).
6
Calculate 2 - 18 - (-11 + (-11 - -18) - -1).
-13
What is the value of -16 + 0 + 20 + -13?
-9
What is -11 - (32 - 23 - 18)?
-2
Evaluate (-3 - (-5 - 1)) + 1 + -3.
1
What is the value of (-15 - -1 - (-18 + 15)) + 1?
-10
What is -15 + (8 - 3) + -15 + 9?
-16
What is (-39 - (-3 + -16)) + 49?
29
-11 - (5 - 20) - (23 - (1 - -1))
-17
20 - 38 - (-15 + 23)
-26
What is the value of 11 + -3 + 12 + (7 - 18)?
9
What is the value of -16 + (22 - -12) - 12?
6
Evaluate -29 + 14 + -17 + (-4 - -13).
-23
What is -3 + -23 + 9 + 8 - -4 - 5?
-10
Evaluate 1 + (37 - 37) + (1 - 1) + 2.
3
Evaluate 8 + -2 + -5 + -7 + -7.
-13
Evaluate 1 + -12 + (-12 - -11) - (-361 - -351).
-2
What is 0 + (0 - -5) - (-9 + -2 - -12)?
4
2 - (15 + -38 + (-7 - -15))
17
Evaluate -13 + -1 + 8 + -9 + -3.
-18
(-3 - -11 - 19) + -26 + 27
-10
What is the value of (-4 - -1) + (13 - (37 + -13)) + -4?
-18
What is -27 + (26 - -6 - 40)?
-35
26 + (-10 + 4 - (31 - 27))
16
Evaluate -3 + 1 + 5 + -20 + (-20 - -37).
0
2 - -14 - (7 - 3 - (-18 + 18))
12
(4004 - 3998) + (-1 - 6) + (2 - 1)
0
What is the value of (1 - 6) + -1 - (-143 - -166)?
-29
Evaluate -4 + 37 + 15 + -26 + -2.
20
Calculate 1 - (-11 - (-13 + 11)).
10
Calculate (2 - -10) + -307 + 289.
-6
What is the value of 11 + (-12 - -18) - 6 - 23?
-12
25 + 6 + -13 + -34
-16
What is -2 + -20 + -15 - -5?
-32
What is -31 + 18 + (6 - (25 - 1))?
-31
54 + -42 + (1 - 13)
0
What is 63 + -46 - (8 + (2 - -1))?
6
What is -17 + (26 - 20) + (16 - -2)?
7
Calculate -5 - (-2 + 3 + 5) - (3 - 9).
-5
What is the value of -25 + 38 + 18 + -41?
-10
-19 + 22 + (-8 - (-4 + 1)) + 4
2
What is 15 - (21 + -11) - 7?
-2
Calculate (-40 - 3) + -81 + 104.
-20
Evaluate -1 + -3 - (-176 + 167).
5
Calculate -1 + (-7 + 2 + 0 + 7 - 6).
-5
Calculate -1 + (-9 + (5 - -3) - -6).
4
What is the value of 1 + -7 + (-3 - -15 - 4 - -2)?
4
Calculate 6 + -16 + (-5 - -2 - 1) + 5.
-9
Evaluate 3 - (6 + -1 + (35 - 38) + 4).
-3
What is the value of -20 + 14 + 38 + -13?
19
Calculate -1 + (-1 - -3) + 0 + -2.
-1
25 + (5 - (15 - 1)) + 14
30
23 + (-9 - -13) + -10 + 4
21
Evaluate (83 - 46) + (-22 - 3).
12
15 - (23 + -32 - -5)
19
What is the value of -5 + -3 + 0 - (-9 - -17 - 35)?
19
Evaluate 1 + 3 + (10 - (6 + 17)).
-9
What is the value of (2 - 19 - -4) + -44 + 41?
-16
Evaluate (7 - -2) + (-11 - (-4 - 1)).
3
What is the value of 21 - (29 + -15 + 10)?
-3
6 - (-11 - -2 - -9) - -11
17
30 + (5 + 2 + -8 + 6 - 13)
22
What is -25 + -21 + 39 - (-20 + -2)?
15
Calculate -4 + (5 - -11) - (5 - 3).
10
What is the value of -1 + 1 - 9 - (-43 + (48 - 23))?
9
What is (-30 - (2 + -4)) + 193 + -203?
-38
What is the value of (418 - 382) + (-28 - -2)?
10
Evaluate -2 + -3 + 0 + 6 - 0.
1
Calculate -7 + (0 + -9 - -20).
4
Calculate 4 - (12 + -13 + -9).
14
What is the value of (12 - 11) + (6 - (17 - 5)) + 7?
2
What is (0 - 3) + (25 - (16 + -6))?
12
60 + (-44 - 9) + 0 + 0 + -15
-8
9 + 1 + 22 + -13 + 1 + -10
10
What is the value of -13 - (-16 - -51 - 35)?
-13
What is 0 + 19 + -4 + 1 + -28?
-12
What is the value of -37 - (-35 + 21) - (-8 - 1)?
-14
What is the value of 15 + -12 - -21 - (-2 - 3)?
29
Evaluate (17 + -24 - (33 - (-2 + 3))) + 11.
-28
(10 + 13 - 19) + 3
7
What is (1 - 3) + (-2 - 1 - 7)?
-12
4 - (6 + -2) - 0 - 2
-2
Calculate 3 + 1 - (29 + -20 + 6).
-11
Calculate (7 - -25) + (11 + -12 - (-1 + -1)).
33
What is the value of -14 - -1 - (3 + -3) - (87 - 89)?
-11
Evaluate 33 - 54 - (9 - (3 - -7)).
-20
Evaluate -23 + 21 + -29 - -17.
-14
What is the value of (0 - (0 + (-5 - 2))) + 41 + -35?
13
Evaluate -9 - (-2 + -7) - -1 - 11.
-10
Calculate -316 + 329 + (-12 - -2).
3
What is the value of -1 - (16 + -16) - 12?
-13
Calculate (-29 - -21) + -1 + 0 + 20.
11
Evaluate 4 + (-16 - (-1 - -2)).
-13
(-2 + -4 + 45 + -39 - -6) + 21
27
Evaluate 25 + (25 - 24) + (9 - 2).
33
What is (-124 - -116) + -1 + 2?
-7
Evaluate 3 + -13 - (48 + -71 - (-2 + 0)).
11
Calculate 19 - 11 - 2 - 3.
3
Evaluate 12 + 2 - (65 - (0 - -19)).
-32
What is the value of -7 - (-9 - (6 + 4))?
12
What is the value of (46 - 1) + -24 + 13 + -12?
22
What is 4 + (2 - (-3 + (0 - -10)))?
-1
What is the value of (-3 - -4 - (16 + (15 - 27))) + -24?
-27
What is 17 - (-7 + (8 - 14 - -11))?
19
What is the value of 0 - 9 - (-15 + -34 + 21)?
19
Calculate 51 - (-30 + 56 + 7).
18
-1179 + 1153 - (-41 - 0)
15
What is (-5 - (-4 + (-2 - (1 + -5)))) + 0?
-3
What is (4 - (0 + (1 - 0))) + 16 + -21?
-2
What is the value of 21 + (-19 - -8) + -1?
9
Calculate -90 + 75 + (2 - (1 + -2)).
-12
What is 0 + 11 + -3 + -12 + 6 + 7?
9
Evaluate 0 + 4 - -4 - 23 - (-6 - -6).
-15
Calculate (4 - (-6 - -20 - 12)) + 0 + -1.
1
Calculate -7 + (8 - -1) - (-4 - -2) - -1.
5
What is (14 + -25 - -15) + -12?
-8
Evaluate -13 + (-1 - -3) + (-6 - (-9 + 2)).
-10
What is -15 - (